{"id":461,"date":"2022-07-14T11:33:05","date_gmt":"2022-07-14T08:33:05","guid":{"rendered":"https:\/\/xn--ksemakina-07a.com\/?page_id=461"},"modified":"2022-07-16T11:28:44","modified_gmt":"2022-07-16T08:28:44","slug":"461-2","status":"publish","type":"page","link":"https:\/\/kosemakinamersin.com\/?page_id=461","title":{"rendered":"Faaliyet Alanlar\u0131"},"content":{"rendered":"\n<h2 class=\"has-text-align-center wp-block-heading\">Faaliyet Alanlar\u0131m\u0131z<\/h2>\n\n\n\n<div class=\"wp-block-columns alignwide is-layout-flex wp-container-core-columns-is-layout-28f84493 wp-block-columns-is-layout-flex\">\n<div class=\"wp-block-column is-layout-flow wp-block-column-is-layout-flow\">\n<figure class=\"wp-block-image size-full\"><img loading=\"lazy\" decoding=\"async\" width=\"380\" height=\"250\" src=\"http:\/\/kosemakinamersin.com\/wp-content\/uploads\/2022\/07\/1-1.png\" alt=\"\" class=\"wp-image-369\" srcset=\"https:\/\/kosemakinamersin.com\/wp-content\/uploads\/2022\/07\/1-1.png 380w, https:\/\/kosemakinamersin.com\/wp-content\/uploads\/2022\/07\/1-1-300x197.png 300w\" sizes=\"auto, (max-width: 380px) 100vw, 380px\" \/><\/figure>\n\n\n\n<h4 class=\"wp-block-heading\">Makina \u0130malat\u0131<\/h4>\n\n\n\n<p>G\u0131da, kimyasal, sanayi \u00fcretim sekt\u00f6r\u00fc makina imalat\u0131<\/p>\n<\/div>\n\n\n\n<div class=\"wp-block-column is-layout-flow wp-block-column-is-layout-flow\">\n<figure class=\"wp-block-image size-full\"><img loading=\"lazy\" decoding=\"async\" width=\"380\" height=\"250\" src=\"http:\/\/kosemakinamersin.com\/wp-content\/uploads\/2022\/07\/3.png\" alt=\"\" class=\"wp-image-371\" srcset=\"https:\/\/kosemakinamersin.com\/wp-content\/uploads\/2022\/07\/3.png 380w, https:\/\/kosemakinamersin.com\/wp-content\/uploads\/2022\/07\/3-300x197.png 300w\" sizes=\"auto, (max-width: 380px) 100vw, 380px\" \/><\/figure>\n\n\n\n<h4 class=\"wp-block-heading\">Makina Bak\u0131m-Onar\u0131m<\/h4>\n\n\n\n<p>G\u0131da, kimyasal, sanayi \u00fcretim sekt\u00f6r\u00fc mekanik makina bak\u0131m\u0131 onar\u0131m\u0131<\/p>\n<\/div>\n\n\n\n<div class=\"wp-block-column is-layout-flow wp-block-column-is-layout-flow\">\n<figure class=\"wp-block-image size-full\"><img loading=\"lazy\" decoding=\"async\" width=\"380\" height=\"250\" src=\"http:\/\/kosemakinamersin.com\/wp-content\/uploads\/2022\/07\/2-1.png\" alt=\"\" class=\"wp-image-372\" srcset=\"https:\/\/kosemakinamersin.com\/wp-content\/uploads\/2022\/07\/2-1.png 380w, https:\/\/kosemakinamersin.com\/wp-content\/uploads\/2022\/07\/2-1-300x197.png 300w\" sizes=\"auto, (max-width: 380px) 100vw, 380px\" \/><\/figure>\n\n\n\n<h4 class=\"wp-block-heading\">\u00c7elik Konstr\u00fcksiyon<\/h4>\n\n\n\n<p>\u00c7elik \u00e7at\u0131, fabrika, depo ve \u00e7elik yap\u0131 hizmetlerimiz<\/p>\n<\/div>\n<\/div>\n\n\n\n<div class=\"wp-block-columns alignwide is-layout-flex wp-container-core-columns-is-layout-28f84493 wp-block-columns-is-layout-flex\">\n<div class=\"wp-block-column is-layout-flow wp-block-column-is-layout-flow\">\n<figure class=\"wp-block-image size-full\"><img loading=\"lazy\" decoding=\"async\" width=\"678\" height=\"452\" src=\"https:\/\/kosemakinamersin.com\/wp-content\/uploads\/2022\/07\/bec7e728-e5fd-4119-af6c-08ab13f5e7be.jpg\" alt=\"\" class=\"wp-image-527\" srcset=\"https:\/\/kosemakinamersin.com\/wp-content\/uploads\/2022\/07\/bec7e728-e5fd-4119-af6c-08ab13f5e7be.jpg 678w, https:\/\/kosemakinamersin.com\/wp-content\/uploads\/2022\/07\/bec7e728-e5fd-4119-af6c-08ab13f5e7be-300x200.jpg 300w\" sizes=\"auto, (max-width: 678px) 100vw, 678px\" \/><\/figure>\n\n\n\n<h4 class=\"wp-block-heading\">Makine Yedek Par\u00e7a<\/h4>\n\n\n\n<p>F\u00edrmalar\u0131n istekleri ve \u00e7al\u0131\u015fma \u015fartlar\u0131na uygun yedek par\u00e7a imalatlar\u0131<\/p>\n<\/div>\n\n\n\n<div class=\"wp-block-column is-layout-flow wp-block-column-is-layout-flow\">\n<figure class=\"wp-block-image size-full\"><img loading=\"lazy\" decoding=\"async\" width=\"624\" height=\"491\" src=\"https:\/\/kosemakinamersin.com\/wp-content\/uploads\/2022\/07\/1b4d0430-16dc-4312-9f86-0159c748e31a.jpg\" alt=\"\" class=\"wp-image-528\" srcset=\"https:\/\/kosemakinamersin.com\/wp-content\/uploads\/2022\/07\/1b4d0430-16dc-4312-9f86-0159c748e31a.jpg 624w, https:\/\/kosemakinamersin.com\/wp-content\/uploads\/2022\/07\/1b4d0430-16dc-4312-9f86-0159c748e31a-300x236.jpg 300w\" sizes=\"auto, (max-width: 624px) 100vw, 624px\" \/><\/figure>\n\n\n\n<h4 class=\"wp-block-heading\">\u00c7elik Boru \u0130malat ve Montaj\u0131<\/h4>\n\n\n\n<p>Bas\u0131n\u00e7l\u0131 \u0131s\u0131tma so\u011futma sistemlerinin \u00fcr\u00fcn ak\u0131\u015f borular\u0131n\u0131n imalatlar\u0131<\/p>\n<\/div>\n\n\n\n<div class=\"wp-block-column is-layout-flow wp-block-column-is-layout-flow\">\n<figure class=\"wp-block-image size-full\"><img loading=\"lazy\" decoding=\"async\" width=\"638\" height=\"480\" src=\"https:\/\/kosemakinamersin.com\/wp-content\/uploads\/2022\/07\/6d5a06b9-1db4-41f2-bb32-89e29d9ab192.jpg\" alt=\"\" class=\"wp-image-530\" srcset=\"https:\/\/kosemakinamersin.com\/wp-content\/uploads\/2022\/07\/6d5a06b9-1db4-41f2-bb32-89e29d9ab192.jpg 638w, https:\/\/kosemakinamersin.com\/wp-content\/uploads\/2022\/07\/6d5a06b9-1db4-41f2-bb32-89e29d9ab192-300x226.jpg 300w\" sizes=\"auto, (max-width: 638px) 100vw, 638px\" \/><\/figure>\n\n\n\n<h4 class=\"wp-block-heading\">Tank Boyler \u0130malatlar\u0131<\/h4>\n\n\n\n<p>G\u0131da ve kimyasal f\u00edrmalar\u0131n s\u0131y\u0131r\u0131c\u0131 kar\u0131st\u0131r\u0131c\u0131 ve rezidans&#8217;l\u0131 tanklar\u0131n imalat ve bak\u0131m\u0131<\/p>\n<\/div>\n<\/div>\n","protected":false},"excerpt":{"rendered":"<p>Faaliyet Alanlar\u0131m\u0131z Makina \u0130malat\u0131 G\u0131da, kimyasal, sanayi \u00fcretim sekt\u00f6r\u00fc makina imalat\u0131 Makina Bak\u0131m-Onar\u0131m G\u0131da, kimyasal, sanayi \u00fcretim sekt\u00f6r\u00fc mekanik makina bak\u0131m\u0131 onar\u0131m\u0131 \u00c7elik Konstr\u00fcksiyon \u00c7elik \u00e7at\u0131, fabrika, depo ve \u00e7elik yap\u0131 hizmetlerimiz Makine Yedek Par\u00e7a F\u00edrmalar\u0131n istekleri ve \u00e7al\u0131\u015fma \u015fartlar\u0131na uygun yedek par\u00e7a imalatlar\u0131 \u00c7elik Boru \u0130malat ve Montaj\u0131 Bas\u0131n\u00e7l\u0131 \u0131s\u0131tma so\u011futma sistemlerinin \u00fcr\u00fcn ak\u0131\u015f &hellip;<\/p>\n<p class=\"read-more\"> <a class=\"\" href=\"https:\/\/kosemakinamersin.com\/?page_id=461\"> <span class=\"screen-reader-text\">Faaliyet Alanlar\u0131<\/span> Devam\u0131 &raquo;<\/a><\/p>\n","protected":false},"author":1,"featured_media":0,"parent":0,"menu_order":0,"comment_status":"closed","ping_status":"closed","template":"","meta":{"om_disable_all_campaigns":false,"_monsterinsights_skip_tracking":false,"_monsterinsights_sitenote_active":false,"_monsterinsights_sitenote_note":"","_monsterinsights_sitenote_category":0,"site-sidebar-layout":"default","site-content-layout":"default","ast-global-header-display":"","ast-main-header-display":"","ast-hfb-above-header-display":"","ast-hfb-below-header-display":"","ast-hfb-mobile-header-display":"","site-post-title":"disabled","ast-breadcrumbs-content":"","ast-featured-img":"","footer-sml-layout":"","theme-transparent-header-meta":"","adv-header-id-meta":"","stick-header-meta":"","header-above-stick-meta":"","header-main-stick-meta":"","header-below-stick-meta":"","footnotes":""},"class_list":["post-461","page","type-page","status-publish","hentry"],"_links":{"self":[{"href":"https:\/\/kosemakinamersin.com\/index.php?rest_route=\/wp\/v2\/pages\/461","targetHints":{"allow":["GET"]}}],"collection":[{"href":"https:\/\/kosemakinamersin.com\/index.php?rest_route=\/wp\/v2\/pages"}],"about":[{"href":"https:\/\/kosemakinamersin.com\/index.php?rest_route=\/wp\/v2\/types\/page"}],"author":[{"embeddable":true,"href":"https:\/\/kosemakinamersin.com\/index.php?rest_route=\/wp\/v2\/users\/1"}],"replies":[{"embeddable":true,"href":"https:\/\/kosemakinamersin.com\/index.php?rest_route=%2Fwp%2Fv2%2Fcomments&post=461"}],"version-history":[{"count":12,"href":"https:\/\/kosemakinamersin.com\/index.php?rest_route=\/wp\/v2\/pages\/461\/revisions"}],"predecessor-version":[{"id":533,"href":"https:\/\/kosemakinamersin.com\/index.php?rest_route=\/wp\/v2\/pages\/461\/revisions\/533"}],"wp:attachment":[{"href":"https:\/\/kosemakinamersin.com\/index.php?rest_route=%2Fwp%2Fv2%2Fmedia&parent=461"}],"curies":[{"name":"wp","href":"https:\/\/api.w.org\/{rel}","templated":true}]}}